et i be x(r). Let p = -6 - -31. What is the highest common divisor of i and p?
5
Suppose -2*i = 3*z - 283, 4*i - 556 = -0*i + 4*z. What is the highest common factor of i and 35?
35
Let y = -191 - -332. What is the greatest common divisor of 94 and y?
47
Suppose m = 44 + 46. Suppose 3*h = i - 3*i + m, 0 = 2*h + 4*i - 60. What is the highest common factor of h and 20?
10
Suppose 3*x + 2*f = -10, 5*x = -0*x + f - 21. Let h(q) = -q**3 + 4*q**2 - 3*q - 4. Let p be h(x). What is the greatest common divisor of 17 and p?
17
Suppose 2*h = -h + 36. Suppose 6*p - 2*p - 48 = 0. What is the greatest common factor of p and h?
12
Let b be 2/(-6) + (-90)/(-27). Suppose -3*x - 2*x + 348 = 2*j, 0 = b*j - 12. Suppose -x = -0*r - 4*r. Calculate the greatest common factor of 17 and r.
17
Suppose 0*k = -k + 14. What is the highest common divisor of k and 14?
14
Suppose 7*u = 2*u + 110. What is the greatest common divisor of u and 242?
22
Let m be 0 + 5 + -2 - -2. Suppose 0 = -5*c - 3*d + 178 - 9, -d = -3*c + 107. What is the highest common factor of m and c?
5
Let a(s) = 3*s**2 + 9*s + 9. Let t be a(-1). Suppose 3*g + 15 = 0, j + 4*j + 45 = 3*g. Let x be (j/(-10))/(4/10). What is the highest common divisor of x and t?
3
Suppose -2*q = -u + 120, 5*u + q = u + 507. Let k be 34 + 1 - (-1 + 3). Let a = 47 - k. What is the greatest common factor of a and u?
14
Let j(q) = -q**2 - 13*q - 4. Suppose 3*w + 28 + 5 = 0. Let g be j(w). Let y = 73 - -125. What is the highest common divisor of g and y?
18
Suppose -47 = 4*b - 5*t - 314, -4*b - t = -249. Calculate the highest common divisor of 21 and b.
21
Let j = 275 - 149. Calculate the greatest common factor of j and 18.
18
Suppose 5*g = 20, -2*g - 568 = -3*q - 0*g. Suppose 0*b - 5*b = 0, 4*v - q = -3*b. What is the highest common divisor of v and 16?
16
Let z be (-34)/(-6) - (-4)/(-6). Suppose 0*j = z*j - 15. Suppose -j*i - 7 = -1, -3*i - 20 = -2*q. Calculate the highest common divisor of q and 35.
7
Suppose -l = -4*p + 37, 0 = -2*p - 3*l - l + 14. Let w(v) = -v**3 + 10*v**2 - 9*v + 9. Let b be w(p). What is the highest common divisor of 36 and b?
9
Let u be (-2 + 1)*(-73 - -2). Let x = 107 - u. Let v = 86 - 62. What is the greatest common divisor of x and v?
12
Let t = 103 - 22. Suppose -z + 3*z + 2 = -r, -2*z = -r + 2. Let w(c) = -8*c**3 + c**2. Let i be w(z). Calculate the greatest common factor of i and t.
9
Suppose -a - 12 = 3*o + 17, 4*a - 5*o + 201 = 0. Suppose -4*t = -2*t + 16. Let j = t - a. Calculate the greatest common divisor of j and 12.
12
Suppose 3*u - 4*u + 5 = 0. Suppose 0 + 20 = u*w. Let s(x) = -12*x + 8. Let b be s(-2). What is the highest common factor of b and w?
4
Let c(k) = -3*k - 1. Let m be c(-1). Let s(z) = 6*z**2 - 2*z + 1. Let q be s(1). What is the highest common divisor of m and q?
1
Let v = 59 + -54. Suppose z - 40 = 13. Let o = z + -23. What is the highest common divisor of v and o?
5
Let i = 242 + -230. Let n(b) = b**2 - 4*b - 1. Let q be n(6). Suppose -q = -3*t + 2*s - 3*s, 2*s = -t + 7. What is the highest common divisor of i and t?
3
Let x(w) = -w**3 - 7*w**2 - 8*w - 9. Let o be x(-6). Calculate the greatest common factor of 3 and o.
3
Let d(m) be the third derivative of m**5/60 + 7*m**4/24 - m**3/2 - 3*m**2. Let v be d(-7). Let p = v - -7. Calculate the greatest common divisor of p and 20.
4
Let n = -4 - -14. What is the highest common divisor of n and 10?
10
Suppose -3*w - 10 + 257 = 5*b, 0 = -3*b + 3*w + 153. Suppose 127 = -3*i - b. Let l = i - -104. What is the greatest common divisor of 5 and l?
5
Let c be 2/(-6) - (-68)/(-12). Let p = c - -8. Suppose -6*a = -p*a - 44. What is the greatest common divisor of 11 and a?
11
Suppose m - 2*m = -56. Calculate the highest common divisor of m and 7.
7
Suppose 8*i - 3*i = 2*h - 205, -5*h = -2*i - 460. Calculate the greatest common factor of h and 9.
9
Let h(o) = o - 4 + o**2 - 5 - 1 - 6*o. Let s be h(8). Calculate the highest common divisor of 126 and s.
14
Suppose -3*x + 20 = j, 4*x - 5*j - 59 = -7. Let l = -20 - -76. Calculate the highest common factor of x and l.
8
Let r = 11 + -4. Suppose -3*u + 9 = n, -64 - 19 = -3*n + 5*u. What is the highest common divisor of r and n?
7
Suppose 2*k + 27 + 33 = 2*t, k = 0. Calculate the highest common factor of t and 30.
30
Let f be ((-16)/(-3))/(((-4)/(-9))/4). Calculate the greatest common divisor of f and 16.
16
Let g(d) = -d**3 + 11*d**2 - 5*d - 8. Let c be g(10). What is the highest common factor of 14 and c?
14
Suppose 2*n = -g - 2*n - 17, -2*g + 26 = -4*n. Suppose 3*x - 19 = 17. Suppose -l + 0*l = -x. What is the greatest common divisor of l and g?
3
Let m = -3 + 8. Suppose 0 = -i + m*i - 224. Let r = -6 + 13. What is the greatest common divisor of r and i?
7
Suppose 5*t = -i + 391, 2*t + 2*i = 4*i + 154. Suppose 0 = d + 14 - t. What is the highest common factor of 8 and d?
8
Suppose 5*g - 11 + 1 = 0. Let l be (3 - 25)*(-1)/g. What is the greatest common divisor of l and 11?
11
Let b(s) = -s**2 + s + 2. Let c be b(-1). Suppose 2*j - 18 = -c*j. What is the greatest common factor of 36 and j?
9
Let d(n) = n**2. Let i be d(-2). Suppose -4*z + 7*z = 5*y + 21, 13 = 2*z - 3*y. Suppose -z*u - 14 = -i*u. What is the greatest common divisor of 7 and u?
7
Let l = 9 + -9. Suppose -3*t - 12 = -l. Let f be (2/4)/((-1)/t). Calculate the highest common divisor of 14 and f.
2
Let w(q) = 2*q**2 + 2*q - 1. Let j be w(1). Suppose 4*c - 2*b - 379 = j*b, c = 3*b + 93. Calculate the highest common factor of c and 12.
12
Suppose -3*u - 44 = -7*u. Suppose -44 = -i - i. What is the greatest common factor of u and i?
11
Let v = 29 - 10. Let u = -24 - -157. What is the greatest common factor of v and u?
19
Let z = -72 + 98. Let l = -2 - 0. Let c be (-134)/(-10) - l/(-5). Calculate the greatest common divisor of c and z.
13
Suppose -117 = -h - 116. What is the highest common divisor of h and 11?
1
Suppose -127 = -2*j + j - 3*m, 0 = 5*j - m - 651. Calculate the highest common factor of j and 26.
26
Suppose 28 = 3*b - 2. Let g = 42 + 8. Calculate the greatest common divisor of b and g.
10
Let d(w) = w**2 - w + 175. Let n be d(0). Let z = 43 - 18. What is the greatest common divisor of n and z?
25
Suppose 0 = 2*p + 37 + 7. Let g = p - -46. Let c be (-6)/((-10)/4 - -2). Calculate the highest common factor of g and c.
12
Let w(x) = -3*x. Let c be w(-6). Let d(y) = y**3 + 6*y**2 + 5. Let o be d(-6). Let m be 18/o*(-1 + 36). Calculate the highest common divisor of m and c.
18
Suppose -2*q + 3*s + 16 = -12, s + 24 = 2*q. Suppose 7*t = 138 + 324. What is the greatest common divisor of q and t?
11
Let r(g) = 4*g - 1. Let m be 2*(2 - 3) + 11. Let s be r(m). Calculate the greatest common divisor of s and 5.
5
Suppose -83 = -5*o + 742. Calculate the highest common divisor of o and 15.
15
Suppose 2*z = 2*n - 0*n - 92, -2*z = 3*n - 133. Suppose 90*p - 86*p = 20. Calculate the greatest common divisor of p and n.
5
Suppose -2*n = -3*d - 15, 0*d - 3*d = -5*n + 60. Suppose -11 = -2*a - b + 8, 0 = -5*b - n. Calculate the greatest common factor of a and 55.
11
Let s = 66 + -21. Suppose -3*n = -6, 4*r + 3*n = r + 51. What is the greatest common divisor of s and r?
15
Let j(z) = -3*z + 2 - 3*z**2 - 3*z + 3*z**2 - z**2. Let x be j(-5). Suppose x = 5*t + 2. What is the highest common factor of t and 11?
1
Suppose o + 3*c - 6 = 6, 0 = 5*c. Suppose -272 = 4*v + 152. Let r = v + 154. Calculate the highest common divisor of r and o.
12
Let g = 11 + 24. Let h(z) = -z**2 - 6*z + 7. Let w be h(-6). What is the highest common factor of g and w?
7
Suppose -30 = -5*b - 0. Suppose v = b*v - 175. What is the highest common divisor of v and 5?
5
Let j(s) = 4*s + 2. Let v be j(4). Let p = 5 - -22. What is the highest common divisor of v and p?
9
Let f = 87 - 53. Let z be (6 - 1)*(-1 - 1 - -19). What is the highest common divisor of z and f?
17
Suppose -l + 2*p = -0*p + 9, -3*l + 5*p = 24. Let x be 3*2/(-3)*l. Suppose -x*c = -3*c + 12, -5*d = -4*c - 46. What is the highest common factor of d and 30?
6
Let c(d) = d**2 - d - 2. Let j be c(3). Suppose -4*q = j*w - 796, q - 5*w = 4*q - 599. Calculate the highest common divisor of 22 and q.
22
Suppose -k - 158 = -58. Let x be (-2)/5 + (-1240)/k. Suppose -434 = -5*w - 134. Calculate the highest common factor of w and 